e remainder when 849370 is divided by 77?
60
Calculate the remainder when 329557 is divided by 164128.
1301
What is the remainder when 35743 is divided by 6864?
1423
What is the remainder when 307298 is divided by 657?
479
Calculate the remainder when 51096 is divided by 1296.
552
What is the remainder when 2199748 is divided by 89?
24
Calculate the remainder when 551298 is divided by 45941.
6
What is the remainder when 14882 is divided by 393?
341
Calculate the remainder when 2794229 is divided by 38277.
8
Calculate the remainder when 9056 is divided by 566.
0
What is the remainder when 25795977 is divided by 18?
15
Calculate the remainder when 17610058 is divided by 17609898.
160
What is the remainder when 5515138 is divided by 196969?
6
Calculate the remainder when 38090 is divided by 37894.
196
What is the remainder when 3594267 is divided by 15?
12
Calculate the remainder when 197782 is divided by 197775.
7
Calculate the remainder when 194903 is divided by 6278.
285
Calculate the remainder when 3556534 is divided by 183.
112
What is the remainder when 23699706 is divided by 136?
74
What is the remainder when 2344471 is divided by 3216?
7
Calculate the remainder when 77374 is divided by 77373.
1
Calculate the remainder when 15076 is divided by 6815.
1446
What is the remainder when 51148794 is divided by 11840?
11834
What is the remainder when 1226625300 is divided by 4529?
4527
Calculate the remainder when 222516 is divided by 1552.
580
Calculate the remainder when 56104 is divided by 804.
628
What is the remainder when 21278108 is divided by 117?
20
What is the remainder when 154817 is divided by 2092?
9
Calculate the remainder when 3132375 is divided by 1003.
6
Calculate the remainder when 1865817 is divided by 11.
8
What is the remainder when 3532953 is divided by 29?
28
What is the remainder when 3504950 is divided by 58?
10
Calculate the remainder when 3482264 is divided by 54.
20
What is the remainder when 163720178 is divided by 35?
13
Calculate the remainder when 11434320 is divided by 123.
117
What is the remainder when 3054013 is divided by 436263?
172
What is the remainder when 954226 is divided by 59638?
18
What is the remainder when 19054531 is divided by 1876?
1875
What is the remainder when 1174623 is divided by 1743?
1584
What is the remainder when 72500 is divided by 3683?
2523
What is the remainder when 1681390 is divided by 560452?
34
Calculate the remainder when 86081 is divided by 42184.
1713
What is the remainder when 79243 is divided by 11292?
199
What is the remainder when 52314 is divided by 13010?
274
Calculate the remainder when 2083247 is divided by 309.
278
Calculate the remainder when 42378 is divided by 21090.
198
What is the remainder when 754262 is divided by 14789?
23
Calculate the remainder when 4748855 is divided by 4393.
22
What is the remainder when 263501 is divided by 1952?
1933
What is the remainder when 1527407 is divided by 305443?
192
Calculate the remainder when 1543 is divided by 413.
304
Calculate the remainder when 882539 is divided by 1468.
271
Calculate the remainder when 926892 is divided by 115849.
100
What is the remainder when 73315 is divided by 8974?
1523
Calculate the remainder when 952538 is divided by 8488.
1882
Calculate the remainder when 1762320 is divided by 17.
15
Calculate the remainder when 2922238 is divided by 730492.
270
What is the remainder when 1212238 is divided by 920?
598
What is the remainder when 26672077 is divided by 4798?
4793
Calculate the remainder when 177165 is divided by 12388.
3733
Calculate the remainder when 2679434 is divided by 741.
719
What is the remainder when 1719931 is divided by 2500?
2431
What is the remainder when 167491 is divided by 83608?
275
What is the remainder when 298302 is divided by 14175?
627
Calculate the remainder when 148326190 is divided by 291.
289
What is the remainder when 4815 is divided by 1317?
864
What is the remainder when 19865683 is divided by 230996?
27
What is the remainder when 25025 is divided by 1682?
1477
Calculate the remainder when 81258 is divided by 20305.
38
Calculate the remainder when 700363 is divided by 1888.
1803
Calculate the remainder when 40182 is divided by 9720.
1302
Calculate the remainder when 122147 is divided by 9395.
12
Calculate the remainder when 18188768 is divided by 108.
56
Calculate the remainder when 80716 is divided by 1832.
108
What is the remainder when 100023 is divided by 32750?
1773
Calculate the remainder when 4871342 is divided by 134.
40
What is the remainder when 15184 is divided by 787?
231
What is the remainder when 477285 is divided by 9545?
35
What is the remainder when 7154135 is divided by 50?
35
What is the remainder when 108818 is divided by 1194?
164
Calculate the remainder when 206342 is divided by 103132.
78
What is the remainder when 333989 is divided by 13?
6
Calculate the remainder when 45182 is divided by 22569.
44
What is the remainder when 37875451 is divided by 1243?
1241
What is the remainder when 174864 is divided by 17468?
184
What is the remainder when 1143075 is divided by 102?
63
What is the remainder when 473603 is divided by 9472?
3
Calculate the remainder when 37534 is divided by 5197.
1155
Calculate the remainder when 11914 is divided by 861.
721
What is the remainder when 318457 is divided by 24489?
100
What is the remainder when 5255141 is divided by 234?
203
Calculate the remainder when 54953 is divided by 7674.
1235
Calculate the remainder when 575721 is divided by 3062.
65
What is the remainder when 898297 is divided by 4586?
4027
Calculate the remainder when 6000353 is divided by 6000291.
62
Calculate the remainder when 160765262 is divided by 2679421.
2
What is the remainder when 32220722 is divided by 10?
2
Calculate the remainder when 3832 is divided by 1429.
974
What is the remainder when 26138 is divided by 1712?
458
Calculate the remainder when 1515363 is divided by 334.
5
Calculate the remainder when 4171 is divided by 2304.
1867
What is the remainder when 580646 is divided by 6177?
8
What is the remainder when 658851698 is divided by 219617231?
5
Calculate the remainder when 145504105 is divided by 136.
17
What is the remainder when 472797 is divided by 49?
45
What is the remainder when 9311238 is divided by 251?
142
Calculate the remainder when 188310 is divided by 400.
310
What is the remainder when 1386604 is divided by 77?
65
Calculate the remainder when 765099 is divided by 1822.
1681
Calculate the remainder when 321853344 is divided by 327.
324
What is the remainder when 131504 is divided by 2228?
52
What is the remainder when 12767159 is divided by 44177?
6
What is the remainder when 4858037 is divided by 11?
8
Calculate the remainder when 212516 is divided by 2760.
2756
Calculate the remainder when 47667 is divided by 23819.
29
Calculate the remainder when 5100476 is divided by 64560.
236
What is the remainder when 942230 is divided by 471045?
140
Calculate the remainder when 14170629 is divided by 106544.
277
Calculate the remainder when 117411095 is divided by 19568515.
5
What is the remainder when 1306980 is divided by 108914?
12
Calculate the remainder when 5434 is divided by 731.
317
What is the remainder when 24984958 is divided by 2366?
2364
Calculate the remainder when 1377844 is divided by 875.
594
Calculate the remainder when 3406424 is divided by 16.
8
Calculate the remainder when 191545 is divided by 95729.
87
What is the remainder when 6223855 is divided by 94300?
55
Calculate the remainder when 8539163 is divided by 276.
275
What is the remainder when 7549159 is divided by 29?
24
What is the remainder when 20243 is divided by 6685?
188
What is the remainder when 317861 is divided by 362?
25
What is the remainder when 5642620 is divided by 832?
828
Calculate the remainder when 3303022 is divided by 17293.
59
Calculate the remainder when 163777 is divided by 32748.
37
What is the remainder when 755862 is divided by 747?
645
Calculate the remainder when 962208 is divided by 4434.
30
What is the remainder when 9434857 is divided by 32?
9
What is the remainder when 58238 is divided by 4141?
264
Calculate the remainder when 19598 is divided by 9730.
138
Calculate the remainder when 55502062 is divided by 39.
31
Wha